e tens digit of (((-4)/(-3))/(-1))/((-6)/207)?
4
Suppose -11*q + 2*q + 4032 = 0. What is the units digit of q?
8
Let c = 1 + 5. What is the units digit of (-1)/(-2 + 10/c)?
3
What is the units digit of (-45)/(-3) - 4/4?
4
Suppose 0 = 4*t + 5*z - 69, 11 + 1 = -4*z. Let p = t - 0. What is the units digit of p?
1
Let h = 32 - 0. What is the tens digit of h?
3
Let p(n) = 3*n - 10. Let h(t) = t**3 - 4*t**2 + t + 5. Let m be h(4). What is the tens digit of p(m)?
1
Suppose -5*s + 3 = -52. What is the tens digit of s?
1
Let u = -1 + 8. What is the units digit of u?
7
Let t(y) be the second derivative of y**4/12 + y**3 + 9*y**2/2 - 2*y. Let m be t(-7). What is the units digit of m/(-10)*(-10)/4?
4
Let r = -39 + 25. Let z be (-4)/(-3) + r/(-21). Suppose 0 = z*k - 4*q - 42, 0*k + k = -q + 18. What is the units digit of k?
9
What is the units digit of 0 + 1578/6 + -5?
8
Let a = -29 - -141. What is the hundreds digit of a?
1
Let p(g) = 2*g + 18. Let r(h) = -h - 9. Let k(v) = -6*p(v) - 11*r(v). Let t be k(-7). Let n = 3 - t. What is the units digit of n?
5
Suppose -h + 44 = -21. What is the units digit of h?
5
Let a(z) = z + 5. What is the units digit of a(4)?
9
Let d(u) = u**2 - u - 4. What is the tens digit of d(-7)?
5
Suppose -60 = -2*u - b, 0 = -3*u - 4*b + 114 - 14. Let y = -16 + u. What is the tens digit of y?
1
Let v = 1 - -2. Let y(q) = q**3 - 8*q**2 + 7*q + 3. Let m(z) = -3*z**3 + 23*z**2 - 20*z - 9. Let a(k) = -4*m(k) - 11*y(k). What is the units digit of a(v)?
3
Let m(p) = -1. Let g(l) be the second derivative of -l**3/6 + 2*l. Let u(f) = -g(f) - 3*m(f). What is the units digit of u(9)?
2
Suppose -2*b = b - 63. Suppose 0 = 3*x - 36 - b. What is the units digit of x?
9
Suppose 3*m + 12 = 0, -y = 4*y + 5*m + 65. What is the units digit of 0/1 + (1 - y)?
0
Let w(z) = -z**2. Let n be 0/(0 + (-1)/1). Let g be w(n). Suppose -4*j = -g*j - 8. What is the units digit of j?
2
Let v = 287 + -187. Suppose -7*o + 2*o = -v. What is the tens digit of o?
2
Let j(h) be the third derivative of -h**6/15 + h**4/24 + 3*h**2. Let u be j(1). Let c(m) = m**3 + 6*m**2 - 7*m + 3. What is the units digit of c(u)?
3
Let v(p) be the second derivative of 5*p**4/6 - p. Suppose x + 4*a + 7 = 0, 2*x + 3 - 7 = a. What is the units digit of v(x)?
0
Let u be 15/5*205/3. What is the units digit of 1/(-4) - u/(-20)?
0
Suppose 7*m - 555 - 5 = 0. What is the tens digit of m?
8
Suppose -4*h + 24 = 4*g, -4*h + 9 = -7*h. Suppose -3*d + 3 = g. What is the units digit of 8 - (2 + d + 0)?
8
Suppose 6*f - 5*r + 704 = 10*f, -3*f = 2*r - 521. What is the tens digit of f?
7
Let u(t) = t**3 + 2*t**2 - 2*t - 1. Let p(k) = -k**2 - 4*k - 2. Let m be p(-4). Let w be u(m). Let f = w - -3. What is the units digit of f?
6
Let p be (0/(-1))/(1/1). Suppose p = -2*z + n + 17, 5*z - 45 = 4*n + 2. What is the units digit of z?
7
Suppose 3*n - 355 = 206. What is the tens digit of n?
8
Let c be (-33)/(-5) - 10/(-25). Let j = 13 - c. Suppose -j = -5*w - 1. What is the units digit of w?
1
Suppose -314 = -y - 2*v, -5*v - 51 + 1298 = 4*y. What is the tens digit of y?
0
Let f(i) = -3*i**2 - 31*i + 24. What is the tens digit of f(-10)?
3
Let y(o) = 24*o + 7. What is the tens digit of y(2)?
5
Suppose -3*l + 13 = 4. Let j be 8/((-5 + l)/(-4)). What is the units digit of 132/j - 2/8?
8
Suppose 644 = -392*y + 396*y. What is the tens digit of y?
6
Let o(d) be the second derivative of -d**3/6 - 2*d**2 - 5*d. What is the units digit of o(-6)?
2
Suppose -5*h + 4*l = -4, -2*l - 3 + 1 = 4*h. Suppose h*c = c - 45. What is the tens digit of c?
4
Let v = -8 - -10. Let j = 4 - v. Suppose 3*p = -3, j = -3*m + 2*p + 31. What is the units digit of m?
9
Let y(j) = j**3 + 6*j**2 - 2*j - 9. Let n be y(-6). Suppose n*h = 25 + 5. Suppose h = 3*b + 1. What is the units digit of b?
3
What is the tens digit of (6/(-9))/(7/(-126))?
1
What is the hundreds digit of (5 - 29)/((-4)/22)?
1
Suppose 70 + 14 = 3*p. What is the units digit of p?
8
Suppose 0*y - 150 = -3*y. What is the tens digit of y?
5
Let b = -28 - -14. Let d = -8 - b. What is the units digit of d?
6
Suppose -34 = -l - 5*b, -5*b - 13 - 130 = -2*l. What is the units digit of l?
9
Suppose -3*x + x - 3*i = -67, -3*x = -3*i - 93. What is the units digit of x?
2
Let p(m) = -m**3 - 3*m**2 + m. Let h be p(-3). Let s be h/6 + 38/4. Suppose -i - 4*z + s - 2 = 0, 2*i = z + 5. What is the units digit of i?
3
Suppose -h - 4*k + 4 = 5, h - 2 = -k. Suppose -r - 26 = -h*r. What is the tens digit of r?
1
Let c(o) = -o**3 - 12*o**2 - 16*o + 3. What is the units digit of c(-11)?
8
Suppose -2*k - 3*g - 2 = -9, -k + 2*g + 14 = 0. What is the units digit of k?
8
Suppose 0 = -2*k - 0*k + 4. Let r be k/(-3 + 5) - -1. Suppose -6*y + 12 = -r*y. What is the units digit of y?
3
Let u(i) = -2*i**3 + 7*i**2 - i - 5. Let v(q) = -3*q**3 + 8*q**2 - q - 5. Let n(a) = -4*u(a) + 3*v(a). What is the units digit of n(-4)?
1
Suppose 0 = -g + 1 - 0, a - 4 = 5*g. What is the units digit of a?
9
Suppose 3*h = -90 + 930. What is the tens digit of h?
8
Let t(d) = 3*d**2 - d - 34. What is the units digit of t(6)?
8
Let d(r) = -r**2 - 6*r - 4. Suppose -4 = q - 0. Let s be d(q). Let z(t) = -t**3 + 4*t**2 + 5. What is the units digit of z(s)?
5
Let f(s) = s**3 + 2*s**2 - 3*s. Let g be (-32)/(-6) - 2/(-3). Let b = g - 4. What is the tens digit of f(b)?
1
Suppose 0 = -b - 2*b + 5*j + 26, 2*j + 10 = b. Suppose -s + 0*s + b = 0. What is the units digit of s?
2
What is the units digit of (-4)/(-14) + (-1215)/(-35)?
5
What is the units digit of (-1 - -29)/(0 + -3 + 5)?
4
Let m(o) be the third derivative of o**4/24 + 3*o**3/2 - 2*o**2. Let v be m(-8). Let s = 9 - v. What is the units digit of s?
8
Let v(n) = -n**3 - 5*n**2 - 3*n + 5. Let p be v(-4). Suppose -4*d - 11 = -5*f, -2*f + 1 + p = -d. What is the units digit of (3/(-2))/(d/8)?
3
Let x be (4/7)/(18/63). Suppose -x*a + 12 - 4 = 0. What is the units digit of a?
4
Suppose 181 = 3*q + 22. Let x = -37 + q. What is the units digit of x?
6
Let k(a) = -2*a. Let x be k(-3). Let r = -16 - -22. Suppose 0 = -5*y - o + 64, -x - r = -3*o. What is the units digit of y?
2
Suppose -18 = -3*s - 6. Suppose -24 = -4*g - s. What is the units digit of g?
5
Suppose -u - 2*x = -14, -2*u - 2*x + 32 = -0*u. Let v = u - 15. What is the units digit of v?
3
Suppose 2*i + 3*j + 3 = i, 2*i + 4*j = -4. Suppose i = 2*l - 5*l + 60. What is the units digit of l?
0
Let m = -146 + 255. What is the hundreds digit of m?
1
Suppose -180 = 4*p + 4*j, p + 49 = -j - 2*j. Let i = -20 - p. What is the tens digit of i?
2
Let j be 148/(-18) - 4/(-18). Suppose -4*m = 5*y - 0*y - 93, 0 = 4*y + m - 70. Let x = y + j. What is the units digit of x?
9
Suppose 6 = -2*s, 2*x - 2*s = -3*s + 15. What is the units digit of x?
9
Let m be -1 + (2 - 1) - -4. Let s be ((-6)/m)/((-12)/16). Suppose -s = -2*k - 0. What is the units digit of k?
1
Let n(m) = -6*m + 37. What is the tens digit of n(-12)?
0
Suppose -8*k + 24 = -48. What is the units digit of k?
9
Let l(s) = -4*s - 3. Let j be l(-2). Suppose 0 = j*r - 81 + 11. What is the tens digit of r?
1
Let a = -2 + 15. What is the units digit of a?
3
Let s(y) = 12*y + 4. What is the units digit of s(4)?
2
Suppose n - 6*n = -90. Let l be (-12)/n + (-28)/3. Let v = l - -16. What is the units digit of v?
6
Let c(r) = r**3 - r**2 - r + 2. Let f be c(0). Suppose l - 28 = -l - f*v, -v = -3. What is the units digit of l?
1
Suppose 3*w - 148 = -4*q, -2*q - 2*q - 2*w = -144. What is the tens digit of q?
3
Let b(m) = 2*m + m - 1 + 4*m - 4*m. What is the tens digit of b(6)?
1
Suppose 2528 = 10*z - 2*z. What is the hundreds digit of z?
3
Let i(l) = l**2 + 4. Suppose 2*f = -3*q + 7, -q - 6 = -f - 3*q. What is the units digit of i(f)?
0
Let q(c) = -17*c - 1. Let j be q(-1). Suppose 73 = 3*y + j. What is the units digit of y?
9
What is the units digit of 3 + 0 + (47 - 4)?
6
Let a(i) = -i**3 - 3*i**2 + 4*i - 6. Let p be a(-5). Suppose -3*h + p = -12. What is the tens digit of h?
1
Let b = -7 - -9. Let u(o) = -o**2 + 5*o + 4. Let g be u(3). Suppose 0 = -4*p + 3*r + 20, 0*r - g = -b*p + 2*r. What is the units digit of p?
5
Let m(a) = a**3 + 9*a**2 + 5*a - 2. What is the units digit of m(-8)?
2
Let a(n) = n**2 - 3*n - 3. Let m(k) = k**2 + 9*k + 3. Let q be m(-10). Let h = q + -9. What is the units digit of